3608, w - 322889 = -4*d. Is w a composite number?
True
Suppose 3*i - 21 = -5*q, 0 = -5*q + 2*i + 3 + 8. Suppose 2*b + 2*b = -3*p - 4248, q*b + 3186 = -p. Let y = -73 - b. Is y composite?
True
Suppose -333337 = -3*y - 2*a, -3*a + 72053 = -4*y + 516508. Is y composite?
True
Let d(j) be the second derivative of -973*j**5/10 - j**2/2 + j. Is d(-1) composite?
True
Let o(i) = 22*i - 17. Let k be o(-4). Let g = 107 + k. Suppose 2*s - g*x - 648 = 0, s + 2*x - 314 = 5*x. Is s a prime number?
False
Let l be 40/15 - 6/9. Let j be (18/12)/(3/6). Suppose -2*o - j*c = -1156, o - l*o + 575 = 3*c. Is o a composite number?
True
Let w(k) = -2*k**3 - 38*k**2 + 85*k + 93. Is w(-40) prime?
False
Suppose 10*r = 11*r - 2. Let g(t) = 937 - 108 + t**3 + 61*t**r - t - 59*t**2. Is g(0) prime?
True
Let u(h) = -3 - 4 + 3 + 15*h**2 + h. Let b be ((-36)/(-54))/((-6)/(-18)). Is u(b) a prime number?
False
Let r(v) be the first derivative of 65*v**3/3 - 9*v**2 + 6*v - 10. Is r(7) a composite number?
True
Suppose -2*s = -4*p - 44, -5*s + 0*p - 4*p + 110 = 0. Let x = 3741 - 6084. Is (5/(30/(-44)))/(s/x) composite?
True
Suppose -236*d = -283*d + 9590209. Is d composite?
False
Suppose r - 280 = 3*j, 2*j = -0*j. Suppose r*q - 276*q - 50356 = 0. Is q a prime number?
True
Is (-1)/(11 + 4072830/(-370257)) composite?
False
Suppose 0 = q - 5*d - 64753, 4*q = -5*d + 124741 + 134171. Is q prime?
False
Suppose q = 4*k + 11123243, -2*k - 7073743 + 1512111 = -4*q. Is k/(-774) + (-2)/(-9) a composite number?
False
Suppose -4 = y + 2. Let f be (-2)/(-12) + 161/(-138) + -2. Is 1927 - (y + 1/(f/(-6))) a composite number?
False
Suppose -26239 + 6676 - 71182 = -q. Is q a prime number?
False
Let q(m) = -58*m - 5. Let w(l) = -177*l - 16. Let y(p) = -7*q(p) + 2*w(p). Is y(8) composite?
False
Let o be 0/(8 - 4) + 3. Suppose -i - 10 = -4*v + i, 0 = -v + o*i. Suppose -35 + 2 = -v*j. Is j a composite number?
False
Let o be -34*((-6070)/4)/5*1. Let m = 5962 - o. Let f = -2040 - m. Is f a composite number?
True
Suppose 7*n + 6*n = 27*n - 7246022. Is n composite?
True
Let g(v) = 13*v**3 - 2*v**2 - 3*v + 17. Is g(8) prime?
True
Let g = -2 - 2. Let t = 195 + -179. Is g*(-3 - 76/t) prime?
True
Let o = -1 + 2. Let a(h) = -36*h + 154*h + 24*h + 61*h. Is a(o) a prime number?
False
Suppose 26*v - 20*v = 0. Let b(a) = -2*a**2 - a + 551. Is b(v) composite?
True
Let v(k) = -29*k - 22. Let y(f) = -44*f - 33. Let r(s) = 7*v(s) - 5*y(s). Let g be r(19). Let m = 255 + g. Is m a prime number?
False
Suppose -11*b - 4*b = -449785 - 667580. Is b a prime number?
False
Suppose -5292435 = -10*k - 5*s, -k = -119*s + 122*s - 529226. Is k composite?
True
Let f = 41463 - 9940. Is f composite?
True
Suppose -50*s + 6486838 + 8191864 = 4965552. Is s composite?
False
Suppose 0 = 47*x - 2039329 - 1000114. Is x a composite number?
True
Suppose -5*m = 3*x - 337977, -19*x + 23*x + 3*m - 450658 = 0. Is x a prime number?
False
Suppose 12*c + 172347 = 1971646 + 345665. Is c a prime number?
False
Suppose -2*b = 4*u - 16, -3*b + 4*b = 0. Suppose 4*o = -u*h + o + 20514, -2*h - 3*o = -10254. Suppose 3*s - h = -597. Is s a prime number?
True
Suppose -m - 3*m = -3*x + 52925, -5*x + 88189 = 3*m. Is x prime?
False
Suppose 48 = 4*j + 4*p, -3*p = j + 2*p - 12. Suppose -j*z + 30259 = -37733. Is z prime?
False
Suppose f + 4*w = -1226, 0*w = -w - 1. Let t be ((-130)/(-20))/((-1)/f). Suppose 2667 = -2*m + t. Is m a composite number?
True
Let j = 9173 - -16904. Is j composite?
True
Let o = -24298 - -299899. Is o a prime number?
False
Is (-3)/(1 - -4 - 726268/145253) composite?
False
Is (-16)/((-336)/15)*72737 prime?
False
Suppose -6*m + 10*m = -40732. Let n = m - -20316. Is n prime?
True
Let k be 1248/(-40)*15/(-6). Is (-2 + 8)*49803/k a prime number?
False
Suppose 7*s - 2526 - 2276 = 0. Suppose g - 3 = 0, 5*g - 8508 + 2078 = -5*h. Let l = h + s. Is l a composite number?
True
Let h(s) = -2*s + 44. Let x be h(20). Suppose 2*v = -3*v - x*c + 9723, 0 = -2*v - 3*c + 3892. Is v a prime number?
False
Suppose 2*r - 11 = -3*g, 3*g - r = 6*g - 10. Suppose -22663 = -5*m + 4*o, 12172 = 5*m + g*o - 10512. Is m composite?
True
Let n(u) = u - 10. Let r be n(-11). Let b = r + 25. Suppose -x + 2*d = -679, b*x + 2*d + 0*d - 2726 = 0. Is x prime?
False
Suppose -11455 = -5*q + 3*m, -4*q + 8422 = 5*m - 742. Is q a composite number?
True
Let o = 357 - -308. Let q(r) = 9*r**3 - 4*r**2 - 3*r + 16. Let j be q(3). Let n = o - j. Is n a prime number?
False
Suppose -5*o = -3*o - 2, 4*m - 18 = -2*o. Is (m + 21171/9)*3 a prime number?
True
Let f(h) = -2*h - 5. Let q be f(-5). Let j be 1278/q - 15/25. Suppose -858 = -3*v + j. Is v a composite number?
True
Suppose 8031 = -12*n - 1233. Let o = n + 1403. Is o a composite number?
False
Let i(u) = 16*u**2 - 3*u - 4. Let w be i(3). Suppose 3*p + 9 = -3*b, 9*p - b = 6*p + 11. Suppose 3*q - w = p*q. Is q a prime number?
True
Let x(k) = 2*k + 15. Let g be x(-6). Suppose 2*z - g*q - 610 = 2*q, z - 2*q - 305 = 0. Is z a prime number?
False
Suppose 0 = 4*h - 5*u - 233113, -286639 + 111813 = -3*h - 5*u. Suppose 27*o - 63412 = h. Is o composite?
False
Let u be (-3265560)/(-126) - (4 - 2)/14. Suppose 4*n - 18299 = u. Is n composite?
True
Let m(y) = -y**2 + 8*y - 10. Let o be m(3). Suppose n + 3*n - 4*k = 8120, o*k = -n + 2060. Suppose 7*w - 2*w = n. Is w composite?
True
Suppose 0 = v + 6*v + v. Suppose v = 8*s - s - 2051. Is s prime?
True
Let f(j) = 111*j - 39. Let n be f(6). Let q = 1000 - n. Is q a composite number?
False
Let p = 778195 - 479030. Is p a composite number?
True
Let u = 98408 + -26377. Is u a composite number?
False
Suppose 2*c - 7*c = -20. Suppose 55*n = 54*n + c. Suppose -3*s + n*s = 758. Is s prime?
False
Let f(c) = -109*c + 14. Let t(n) = -110*n + 16. Let m(i) = -7*f(i) + 6*t(i). Is m(15) a composite number?
False
Suppose -79744 = -2*w + 2*d, w - 2*w = d - 39882. Let x = w + -16476. Is x a composite number?
True
Suppose -4*f + 222 = 2*p, -279 = -5*f - p - 3*p. Suppose -f*b = -51*b - 29612. Is b a composite number?
True
Is (7 + -1)/36 - (-19)/(-6) - -30752 a prime number?
False
Suppose -417539 = -21*l - 29*l + 19*l. Is l a composite number?
False
Suppose 0 = 4*h - 5*s - 36715, 7*h + 3*s = 2*h + 45866. Suppose 0 = -5*j - 2*m + h, 8*j - 2*m = 4*j + 7340. Let t = j - 946. Is t composite?
True
Let k = -550163 - -1083612. Is k composite?
True
Let k = 84 + -91. Is -2939*5/(-12 - k) composite?
False
Suppose -2*z + 17 = -3. Let j be (-3 - -9)*5/z. Suppose -5*f + 0*f + 3130 = j*g, -g = -2*f + 1263. Is f prime?
False
Let l = 277 - 266. Let g(u) = 7*u**2 + 17*u + 7. Is g(l) a prime number?
False
Let c = 116 + -70. Suppose 27 + 11 = 3*u + w, -3*u - 5*w + c = 0. Is 1075 + u/8*(-12)/9 composite?
True
Suppose -w + s = -0*s + 11, 2*w - 5*s + 37 = 0. Is ((-2004)/18)/(1/w) - -3 prime?
False
Suppose -4*y = -t - t - 272298, 5*y + 2*t = 340341. Is y prime?
True
Let v(m) = -17*m + 48*m + 11*m - 1486 + 1425. Is v(9) a composite number?
False
Suppose -3 = 3*x, 0 = -3*q + 3*x + 54 + 978. Let r be (-35112)/30 - (-22)/55. Let b = q - r. Is b a composite number?
True
Let c(h) = -67*h + 57*h + 560 - 519. Let j be 4/(11/(-9) + 1). Is c(j) prime?
False
Let a(i) = -i**2 - 8*i - 5. Let x be a(-7). Suppose -o = -x*g + 2017 + 158, 4349 = 4*g - o. Is g a prime number?
True
Suppose -6*t - 5240989 = -11*t - 8*t. Is t a composite number?
True
Let a = 1788 + 177. Let s = 4016 - a. Is s a composite number?
True
Let m(o) = -359*o**3 - 32*o**2 + 5*o - 59. Is m(-6) a composite number?
False
Let g(n) = 5*n**2 - 27*n + 2. Let d be g(5). Let a(r) = -19*r + 21 + 15*r - 169*r - 4*r. Is a(d) composite?
True
Let m = -2319 - -3788. Let d = m + 8250. Is d a prime number?
True
Let a = 115297 + -79724. Let c = a + 8030. Is c prime?
False
Let a be 131815/5 + 2 + 0/(-2). Let m = a - 18576. Is m a composite number?
False
Suppose -3*h + 751487 = -4*i, h + 121*i - 250499 = 123*i. Is h composite?
False
Suppose 105 = 6*y - 11*y. Let n be (-51)/y - 9/21. Suppose -2*z - 10 + 0 = 0, 2*a = -n*z + 3328. Is a composite?
False
Suppose 0*r + 2*d = 3*r - 6728, 0 = -3*d + 15. Is r prime?
False
Let z(m) = -m**2 + 18*m + 9. Let w be z(17). Suppose -5*f = 10, -3*f = 4*u - 0*u + w. Let p(r) = -r**3 + 4*r**2 - 4*r + 2. Is p(u) composite?
True
Let q = 90706 + -60105. Is q composite?
True
Let q be (0 - (-